 is 1000313303 (base 4) in base 12?
10992b
15451231 (base 6) to base 8
2064303
Convert f3136 (base 16) to base 10.
995638
What is -7386a3 (base 11) in base 15?
-1856b2
What is 2620076 (base 8) in base 9?
1331176
Convert -14a70 (base 14) to base 13.
-1a559
-36816 (base 11) to base 4
-30322132
-1131400 (base 8) to base 13
-aa23b
Convert -3ebc5c (base 16) to base 4.
-33223301130
8484780 (base 9) to base 5
2130400032
Convert -3bc68 (base 13) to base 9.
-180524
What is 4342302 (base 6) in base 13?
77228
Convert -88a798 (base 11) to base 7.
-15032234
-11d8f5 (base 16) to base 13
-31c504
Convert -a5529b (base 15) to base 8.
-36000032
What is 101100001111111011111 (base 2) in base 3?
2201122221220
What is -19b117 (base 12) in base 13?
-12bc14
What is 120443 (base 5) in base 3?
20011121
What is -a1841 (base 15) in base 7?
-4230133
Convert 6b8794 (base 14) to base 2.
1110000000101110001110
What is -1271804 (base 11) in base 4?
-20120232311
What is -1231370 (base 10) in base 16?
-12ca0a
-113483 (base 9) to base 14
-1abd2
9a53 (base 14) to base 6
323425
What is 10005112 (base 6) in base 4?
1010213210
-63b3e (base 15) to base 10
-316409
What is 207526 (base 10) in base 15?
41751
-4332241 (base 5) to base 13
-2793a
-787a93 (base 11) to base 8
-4623312
103112600 (base 7) to base 14
b5ac00
12dbb (base 15) to base 11
41489
Convert 44745 (base 9) to base 6.
345452
Convert -16371a (base 12) to base 9.
-637464
65289 (base 14) to base 3
110102201001
What is 2212320112 (base 4) in base 2?
10100110111000010110
Convert -3324 (base 16) to base 9.
-18856
Convert -1122102120110 (base 3) to base 7.
-10301346
Convert -68620 (base 10) to base 12.
-33864
3546604 (base 8) to base 7
11150220
1a004c (base 13) to base 5
132010332
What is -111202022 (base 3) in base 13?
-4742
What is -100001102010 (base 3) in base 11?
-111959
What is -b2584 (base 12) in base 13?
-819ca
Convert 1652020 (base 8) to base 3.
220101210212
Convert -13010222213 (base 4) to base 5.
-433312434
-245418 (base 12) to base 8
-2200024
Convert -10682e (base 15) to base 2.
-10111110110010011101
Convert -1110034 (base 7) to base 8.
-413262
-274102 (base 8) to base 5
-11040242
What is bcb87 (base 16) in base 14?
1619c3
Convert 124030340 (base 7) to base 9.
15754762
What is 41735252 (base 8) in base 4?
201323222222
What is 1808 (base 11) in base 2?
100100000011
-5614b5 (base 14) to base 16
-2c9b27
What is 14310440 (base 5) in base 13?
537ca
6111011 (base 7) to base 6
23314325
What is 1110101001001000001001 (base 2) in base 16?
3a9209
8b979 (base 12) to base 13
66a38
What is -244d26 (base 14) in base 9?
-2303806
-10100100100101100011011 (base 2) to base 13
-116aa3c
What is -111000101101010110001 (base 2) in base 14?
-3652a5
What is -59aad (base 14) in base 5?
-24001024
-263647 (base 9) to base 16
-271b4
Convert -342803 (base 14) to base 12.
-716897
Convert 5326543 (base 8) to base 7.
15034550
Convert 76c92 (base 13) to base 7.
1554366
What is -b24221 (base 13) in base 7?
-50164402
What is -2284a (base 15) in base 7?
-635215
-20100021220110 (base 3) to base 4
-30313020210
-131443431 (base 5) to base 7
-5401606
What is -1016320 (base 7) in base 3?
-20012201111
c19fd (base 16) to base 11
4a1947
Convert -3436103 (base 7) to base 11.
-273754
Convert 3000222011 (base 4) to base 2.
11000000101010000101
What is 6375739 (base 11) in base 14?
16c1bca
3567210 (base 9) to base 5
443343313
Convert -2210344 (base 6) to base 15.
-22a31
22311320 (base 4) to base 10
44408
-1681645 (base 10) to base 2
-110011010100011101101
Convert -403140112 (base 5) to base 16.
-18a4b8
What is 3620446 (base 7) in base 5?
104140241
16632561 (base 7) to base 2
110010000000000111000
What is -524350 (base 8) in base 9?
-285100
What is 57223 (base 12) in base 15?
245e6
What is -2a0cd1 (base 14) in base 6?
-51202035
782356 (base 11) to base 3
2100101100100
What is -669602 (base 10) in base 7?
-5456123
141cc5 (base 15) to base 13
27b87c
What is 12012230201 (base 4) in base 16?
186b21
What is -1ad25 (base 14) in base 5?
-4142222
Convert 6493a (base 11) to base 10.
94302
d05dd (base 14) to base 9
842603
What is 951aaa (base 15) in base 6?
412011141
What is -446615 (base 7) in base 6?
-1410352
What is 405b52 (base 12) in base 4?
3311200232
Convert 87096 (base 13) to base 15.
4c460
Convert -32003232201 (base 4) to base 2.
-1110000011101110100001
171854 (base 9) to base 2
11001111110100010
Convert -11437527 (base 9) to base 13.
-1202c05
Convert 8c123 (base 14) to base 11.
2128a0
-1061914 (base 12) to base 9
-5764747
What is 10420125 (base 7) in base 2?
11011010101010011001
35e370 (base 15) to base 2
1001110101101101010000
Convert -43100 (base 14) to base 10.
-162092
What is 352710 (base 10) in base 5?
42241320
-2054231 (base 6) to base 4
-120212023
What is 34014100 (base 5) in base 3?
120010210222
Convert -a680a3 (base 11) to base 12.
-6a50a5
Convert -3745488 (base 9) to base 11.
-1172170
6537780 (base 10) to base 3
110022011011000
-305858 (base 11) to base 8
-1676527
223020 (base 5) to base 7
31663
-12033023013 (base 4) to base 11
-a17458
-745673 (base 10) to base 12
-2bb635
200010210102102 (base 3) to base 7
144641501
Convert -4a783 (base 14) to base 6.
-3525155
-135110053 (base 6) to base 16
-2a2451
-101110011010000011 (base 2) to base 12
-92003
-10101011100100101011 (base 2) to base 11
-43aaa6
1065015 (base 9) to base 6
20151322
What is 83b700 (base 15) in base 16?
5f9ae7
Convert -5053223 (base 6) to base 16.
-3ab6f
Convert 2501616 (base 7) to base 2.
1001110000111101111
-c328 (base 13) to base 8
-64431
-11201021120102 (base 3) to base 14
-492dd2
-135422210 (base 7) to base 12
-2b90528
Convert 13211052 (base 6) to base 13.
123ba5
What is -1233082 (base 9) in base 14?
-1369d1
What is 1110102110 (base 3) in base 16?
7044
-150165 (base 12) to base 15
-6e7a8
What is 210242233 (base 5) in base 3?
1122010021120
What is -26750 (base 13) in base 15?
-16302
Convert 25a7a (base 11) to base 12.
1966a
6e924d (base 15) to base 4
110030330122
Convert -268844 (base 9) to base 7.
-1252042
What is -a537c5 (base 14) in base 5?
-2412030342
2158352 (base 9) to base 10
1160858
-17aa78 (base 11) to base 2
-1000011111001111111
What is -10110220112 (base 3) in base 4?
-100231223
Convert 14033313 (base 6) to base 13.
136632
What is -a3840 (base 16) in base 7?
-5456440
11020213 (base 5) to base 16
17352
What is 11110001111011100 (base 2) in base 3?
20021220201
Convert 420340111 (base 5) to base 6.
101032144
Convert 14a158 (base 14) to base 3.
1100112120010
Convert 202012332 (base 4) to base 13.
4b78c
Convert 1b8404 (base 13) to base 11.
440796
What is -b32938 (base 12) in base 9?
-5243518
-6652242 (base 9) to base 3
-20201202021102
Convert 10b031 (base 12) to base 3.
111121110101
-91d72 (base 14) to base 4
-1111232200
Convert -9c93 (base 13) to base 4.
-11112201
What is 358468 (base 12) in base 14?
187172
What is 820226 (base 9) in base 2?
1110110100101000100
What is 4729 (base 16) in base 11?
12761
-12756673 (base 9) to base 4
-120001111131
What is -6872d (base 15) in base 13?
-b838a
What is -11101000000101011 (base 2) in base 10?
-118827
What is 728724 (base 9) in base 16?
69af6
Convert -2012201211222 (base 3) to base 10.
-1175768
What is -90381 (base 11) in base 13?
-4824b
-bccc (base 16) to base 15
-e4c2
Convert -52558 (base 10) to base 4.
-30311032
Convert -b15624 (base 12) to base 16.
-2a3a3c
What is -18687 (base 13) in base 10?
-47262
-7889 (base 11) to base 9
-15215
-113b7 (base 16) to base 15
-15da8
Convert -2286db (base 14) to base 8.
-4370371
What is 2120022120100 (base 3) in base 11?
85208a
-4004565 (base 7) to base 6
-14042220
1bec1 (base 15) to base 10
91081
Convert 1100110100100100 (base 2) to base 9.
80031
Convert -101001001010110011011 (base 2) to base 16.
-14959b
-2724742 (base 9) to base 6
-51555232
What is 486995 (base 11) in base 6?
24303103
8678205 (base 10) to base 9
17286230
-66ab (base 13) to base 12
-8369
Convert 6c6bc (base 15) to base 3.
122120022120
-4401161 (base 9) to base 8
-11006711
6564475 (base 8) to base 14
33ca29
21120010020 (base 3) to base 2
100100010101000011
Convert -651240 (base 7) to base 4.
-123222210
7a548 (base 12) to base 2
100111110110001000
What is -5141915 (base 11) in base 7?
-140114612
-57472 (base 11) to base 9
-135866
Conv